{"id":404752,"date":"2026-09-02T15:13:00","date_gmt":"2026-09-02T13:13:00","guid":{"rendered":"https:\/\/nodengo.com\/?post_type=tribe_events&#038;p=404752"},"modified":"2026-09-02T15:54:26","modified_gmt":"2026-09-02T13:54:26","slug":"la-fete-de-lescalade","status":"publish","type":"tribe_events","link":"https:\/\/nodengo.com\/it\/event\/la-fete-de-lescalade\/","title":{"rendered":"La f\u00eate de l&#8217;Escalade"},"content":{"rendered":"<h2>La f\u00eate de l&#8217;Escalade<\/h2>\n<p> (image \u00a9 Claude-Alain Frachet) <\/p>\n<h4>Venite a scoprire Ginevra com'era durante un fine settimana <strong>nel 1602<\/strong> e farete un viaggio indietro nel tempo.<\/h4>\n<p>Quell'anno, nella notte tra l'11 e il 12 dicembre, Carlo Emanuele I, duca di Savoia, tent\u00f2 di impadronirsi di Ginevra, che aveva abbracciato la fede riformata fin dal 1536. Marci\u00f2 con il suo esercito al riparo dell'oscurit\u00e0 per cogliere la citt\u00e0 di sorpresa. Aveva pianificato di fare di Ginevra la capitale dei suoi territori a nord delle Alpi e di combattere il calvinismo con l'appoggio di papa Clemente VIII, nonostante un trattato di pace che era stato giurato e rinnovato pi\u00f9 volte.<\/p>\n<p>Poco dopo la mezzanotte, l'esercito savoiardo, forte di oltre duemila uomini ben equipaggiati, era di stanza a Plainpalais. Un folto gruppo si stacc\u00f2, raggiunse la base delle mura cittadine, eresse le scale e inizi\u00f2 la salita apparentemente inosservato.<\/p>\n<p>Geneva was sleeping peacefully. The invasion of the city had begun. It was abruptly interrupted by a patrol from the Mint post, which surprised the attackers. In the ensuing melee, a sentry fired his arquebus. The alarm was raised! The tocsin rang out from the cathedral, soon followed by the bells of all the city&#8217;s churches.<\/p>\n<p>Risvegliati dal sonno, gli abitanti afferrarono le armi! I cittadini di Ginevra si misero subito in difesa. Il conflitto fu intenso, caratterizzato da numerosi atti di coraggio durante la scaramuccia. I cannoni tuonarono, costringendo i Savoia in ritirata a fuggire disperatamente.<br \/>\nBy morning, the Genevans had lost eighteen men. They went to the churches to thank the Lord, &#8220;<a href=\"\/it\/cequelaino\/\">C\u00e9 qu\u2019\u00e8 lain\u00f4,<\/a>&#8221; who had saved them.<\/p>\n<p><strong>Tradizioni imperdibili:<\/strong> Don&#8217;t miss the chance to break the famous chocolate cauldron filled with marzipan vegetables with family or friends, while reciting the ritual phrase: &#8220;Thus perished the enemies of the Republic!&#8221;<br \/>\n<img decoding=\"async\" data-src=\"https:\/\/nodengo.com\/wp-content\/uploads\/petites_marmites-300x225.jpg\" alt=\"Marmite de l&#039;Escalade\" width=\"300\" height=\"225\" class=\"alignnone size-medium wp-image-404763 lazyload\" title=\"\" data-srcset=\"https:\/\/nodengo.com\/wp-content\/uploads\/petites_marmites-300x225.jpg 300w, https:\/\/nodengo.com\/wp-content\/uploads\/petites_marmites-1024x768.jpg 1024w, https:\/\/nodengo.com\/wp-content\/uploads\/petites_marmites-150x113.jpg 150w, https:\/\/nodengo.com\/wp-content\/uploads\/petites_marmites-768x576.jpg 768w, https:\/\/nodengo.com\/wp-content\/uploads\/petites_marmites-1536x1152.jpg 1536w, https:\/\/nodengo.com\/wp-content\/uploads\/petites_marmites-2048x1536.jpg 2048w, https:\/\/nodengo.com\/wp-content\/uploads\/petites_marmites-16x12.jpg 16w, https:\/\/nodengo.com\/wp-content\/uploads\/petites_marmites-640x480.jpg 640w, https:\/\/nodengo.com\/wp-content\/uploads\/petites_marmites-900x675.jpg 900w, https:\/\/nodengo.com\/wp-content\/uploads\/petites_marmites-480x360.jpg 480w\" data-sizes=\"(max-width: 300px) 100vw, 300px\" src=\"data:image\/svg+xml;base64,PHN2ZyB3aWR0aD0iMSIgaGVpZ2h0PSIxIiB4bWxucz0iaHR0cDovL3d3dy53My5vcmcvMjAwMC9zdmciPjwvc3ZnPg==\" style=\"--smush-placeholder-width: 300px; --smush-placeholder-aspect-ratio: 300\/225;\" \/> <\/p>\n<p><small>image \u00a9 <a href=\"https:\/\/www.swisschocolates.ch\/\" target=\"_blank\" rel=\"noopener\">Arn Chocolatier<\/a> (che consigliamo vivamente)<br \/>\n<\/small><\/p>\n<p><i class=\"fas fa-music\" style=\"solid\"><\/i>  <a href=\"http:\/\/#cequelaino\">Le C\u00e9 qu&#8217;\u00e8 lain\u00f4<\/a>&#8221; is the official anthem of the Republic and Canton of Geneva.<\/p>","protected":false},"excerpt":{"rendered":"<p>La f\u00eate de l&#8217;Escalade (image \u00a9 Claude-Alain Frachet) Come and discover Geneva as it was during a weekend in 1602 and you will travel back in time. On that year, [&hellip;]<\/p>\n","protected":false},"author":249,"featured_media":404756,"template":"","meta":{"_uag_custom_page_level_css":"","_tribe_events_status":"","_tribe_events_status_reason":"","_tribe_events_is_hybrid":"","_tribe_events_is_virtual":"","_tribe_events_virtual_video_source":"","_tribe_events_virtual_embed_video":"","_tribe_events_virtual_linked_button_text":"","_tribe_events_virtual_linked_button":"","_tribe_events_virtual_show_embed_at":"","_tribe_events_virtual_show_embed_to":[],"_tribe_events_virtual_show_on_event":"","_tribe_events_virtual_show_on_views":"","_tribe_events_virtual_url":"","footnotes":""},"tags":[666,668,436,667,441],"tribe_events_cat":[665],"class_list":["post-404752","tribe_events","type-tribe_events","status-publish","has-post-thumbnail","hentry","tag-escalada","tag-escalade-1602","tag-geneva","tag-historical-event","tag-switzerland","tribe_events_cat-historical","cat_historical"],"uagb_featured_image_src":{"full":["https:\/\/nodengo.com\/wp-content\/uploads\/7D3A3851_DxO-e1788354664849.jpg",300,467,false],"thumbnail":["https:\/\/nodengo.com\/wp-content\/uploads\/7D3A3851_DxO-96x150.jpg",96,150,true],"medium":["https:\/\/nodengo.com\/wp-content\/uploads\/7D3A3851_DxO-193x300.jpg",193,300,true],"medium_large":["https:\/\/nodengo.com\/wp-content\/uploads\/7D3A3851_DxO-768x1194.jpg",768,1194,true],"large":["https:\/\/nodengo.com\/wp-content\/uploads\/7D3A3851_DxO-659x1024.jpg",659,1024,true],"1536x1536":["https:\/\/nodengo.com\/wp-content\/uploads\/7D3A3851_DxO-988x1536.jpg",988,1536,true],"2048x2048":["https:\/\/nodengo.com\/wp-content\/uploads\/7D3A3851_DxO-e1788354664849.jpg",300,467,false],"trp-custom-language-flag":["https:\/\/nodengo.com\/wp-content\/uploads\/7D3A3851_DxO-8x12.jpg",8,12,true],"citadela_item_thumbnail":["https:\/\/nodengo.com\/wp-content\/uploads\/7D3A3851_DxO-640x480.jpg",640,480,true],"woocommerce_thumbnail":["https:\/\/nodengo.com\/wp-content\/uploads\/7D3A3851_DxO-600x600.jpg",600,600,true],"woocommerce_single":["https:\/\/nodengo.com\/wp-content\/uploads\/7D3A3851_DxO-900x1400.jpg",900,1400,true],"woocommerce_gallery_thumbnail":["https:\/\/nodengo.com\/wp-content\/uploads\/7D3A3851_DxO-96x150.jpg",96,150,true],"citadela_service":["https:\/\/nodengo.com\/wp-content\/uploads\/7D3A3851_DxO-480x360.jpg",480,360,true]},"uagb_author_info":{"display_name":"Team Nodengo","author_link":"https:\/\/nodengo.com\/it\/author\/nodengo-team\/"},"uagb_comment_info":0,"uagb_excerpt":"La f\u00eate de l&#8217;Escalade (image \u00a9 Claude-Alain Frachet) Come and discover Geneva as it was during a weekend in 1602 and you will travel back in time. On that year, [&hellip;]","_links":{"self":[{"href":"https:\/\/nodengo.com\/it\/wp-json\/wp\/v2\/tribe_events\/404752","targetHints":{"allow":["GET"]}}],"collection":[{"href":"https:\/\/nodengo.com\/it\/wp-json\/wp\/v2\/tribe_events"}],"about":[{"href":"https:\/\/nodengo.com\/it\/wp-json\/wp\/v2\/types\/tribe_events"}],"author":[{"embeddable":true,"href":"https:\/\/nodengo.com\/it\/wp-json\/wp\/v2\/users\/249"}],"version-history":[{"count":14,"href":"https:\/\/nodengo.com\/it\/wp-json\/wp\/v2\/tribe_events\/404752\/revisions"}],"predecessor-version":[{"id":404772,"href":"https:\/\/nodengo.com\/it\/wp-json\/wp\/v2\/tribe_events\/404752\/revisions\/404772"}],"wp:featuredmedia":[{"embeddable":true,"href":"https:\/\/nodengo.com\/it\/wp-json\/wp\/v2\/media\/404756"}],"wp:attachment":[{"href":"https:\/\/nodengo.com\/it\/wp-json\/wp\/v2\/media?parent=404752"}],"wp:term":[{"taxonomy":"post_tag","embeddable":true,"href":"https:\/\/nodengo.com\/it\/wp-json\/wp\/v2\/tags?post=404752"},{"taxonomy":"tribe_events_cat","embeddable":true,"href":"https:\/\/nodengo.com\/it\/wp-json\/wp\/v2\/tribe_events_cat?post=404752"}],"curies":[{"name":"wp","href":"https:\/\/api.w.org\/{rel}","templated":true}]}}

La fête de l&#8217;Escalade

<h2>La fête de l&#8217;Escalade</h2>
<p> (image © Claude-Alain Frachet) </p>
<h4>Venite a scoprire Ginevra com'era durante un fine settimana <strong>nel 1602</strong> e farete un viaggio indietro nel tempo.</h4>
<p>Quell'anno, nella notte tra l'11 e il 12 dicembre, Carlo Emanuele I, duca di Savoia, tentò di impadronirsi di Ginevra, che aveva abbracciato la fede riformata fin dal 1536. Marciò con il suo esercito al riparo dell'oscurità per cogliere la città di sorpresa. Aveva pianificato di fare di Ginevra la capitale dei suoi territori a nord delle Alpi e di combattere il calvinismo con l'appoggio di papa Clemente VIII, nonostante un trattato di pace che era stato giurato e rinnovato più volte.</p>
<p>Poco dopo la mezzanotte, l'esercito savoiardo, forte di oltre duemila uomini ben equipaggiati, era di stanza a Plainpalais. Un folto gruppo si staccò, raggiunse la base delle mura cittadine, eresse le scale e iniziò la salita apparentemente inosservato.</p>
<p>Geneva was sleeping peacefully. The invasion of the city had begun. It was abruptly interrupted by a patrol from the Mint post, which surprised the attackers. In the ensuing melee, a sentry fired his arquebus. The alarm was raised! The tocsin rang out from the cathedral, soon followed by the bells of all the city&#8217;s churches.</p>
<p>Risvegliati dal sonno, gli abitanti afferrarono le armi! I cittadini di Ginevra si misero subito in difesa. Il conflitto fu intenso, caratterizzato da numerosi atti di coraggio durante la scaramuccia. I cannoni tuonarono, costringendo i Savoia in ritirata a fuggire disperatamente.<br />
By morning, the Genevans had lost eighteen men. They went to the churches to thank the Lord, &#8220;<a href="/it/cequelaino/">Cé qu’è lainô,</a>&#8221; who had saved them.</p>
<p><strong>Tradizioni imperdibili:</strong> Don&#8217;t miss the chance to break the famous chocolate cauldron filled with marzipan vegetables with family or friends, while reciting the ritual phrase: &#8220;Thus perished the enemies of the Republic!&#8221;<br />
<img decoding="async" data-src="https://nodengo.com/wp-content/uploads/petites_marmites-300x225.jpg" alt="Marmite de l&#039;Escalade" width="300" height="225" class="alignnone size-medium wp-image-404763 lazyload" title="" data-srcset="https://nodengo.com/wp-content/uploads/petites_marmites-300x225.jpg 300w, https://nodengo.com/wp-content/uploads/petites_marmites-1024x768.jpg 1024w, https://nodengo.com/wp-content/uploads/petites_marmites-150x113.jpg 150w, https://nodengo.com/wp-content/uploads/petites_marmites-768x576.jpg 768w, https://nodengo.com/wp-content/uploads/petites_marmites-1536x1152.jpg 1536w, https://nodengo.com/wp-content/uploads/petites_marmites-2048x1536.jpg 2048w, https://nodengo.com/wp-content/uploads/petites_marmites-16x12.jpg 16w, https://nodengo.com/wp-content/uploads/petites_marmites-640x480.jpg 640w, https://nodengo.com/wp-content/uploads/petites_marmites-900x675.jpg 900w, https://nodengo.com/wp-content/uploads/petites_marmites-480x360.jpg 480w" data-sizes="(max-width: 300px) 100vw, 300px" src="data:image/svg+xml;base64,PHN2ZyB3aWR0aD0iMSIgaGVpZ2h0PSIxIiB4bWxucz0iaHR0cDovL3d3dy53My5vcmcvMjAwMC9zdmciPjwvc3ZnPg==" style="--smush-placeholder-width: 300px; --smush-placeholder-aspect-ratio: 300/225;" /> </p>
<p><small>image © <a href="https://www.swisschocolates.ch/" target="_blank" rel="noopener">Arn Chocolatier</a> (che consigliamo vivamente)<br />
</small></p>
<p><i class="fas fa-music" style="solid"></i>  <a href="http://#cequelaino">Le Cé qu&#8217;è lainô</a>&#8221; is the official anthem of the Republic and Canton of Geneva.</p>

<p>La fête de l&#8217;Escalade (image © Claude-Alain Frachet) Come and discover Geneva as it was during a weekend in 1602 and you will travel back in time. On that year, [&hellip;]</p>

La fête de l&#8217;Escalade (image © Claude-Alain Frachet) Come and discover Geneva as it was during a weekend in 1602 and you will travel back in time. On that year, [&hellip;]
