{"id":404752,"date":"2026-09-02T15:13:00","date_gmt":"2026-09-02T13:13:00","guid":{"rendered":"https:\/\/nodengo.com\/?post_type=tribe_events&#038;p=404752"},"modified":"2026-09-02T15:54:26","modified_gmt":"2026-09-02T13:54:26","slug":"la-fete-de-lescalade","status":"publish","type":"tribe_events","link":"https:\/\/nodengo.com\/fr\/event\/la-fete-de-lescalade\/","title":{"rendered":"La f\u00eate de l&#8217;Escalade"},"content":{"rendered":"<h2>La f\u00eate de l&#8217;Escalade<\/h2>\n<p> (image \u00a9 Claude-Alain Frachet) <\/p>\n<h4>Venez d\u00e9couvrir Gen\u00e8ve telle qu'elle \u00e9tait lors d'un week-end <strong>en 1602<\/strong> et vous voyagerez dans le temps.<\/h4>\n<p>Cette ann\u00e9e-l\u00e0, dans la nuit du 11 au 12 d\u00e9cembre, Charles Emmanuel Ier, duc de Savoie, tenta de s'emparer de Gen\u00e8ve, convertie au calvinisme depuis 1536. Il fit marcher son arm\u00e9e \u00e0 la faveur de la nuit pour prendre la ville par surprise. Il projetait de faire de Gen\u00e8ve la capitale de ses territoires au nord des Alpes et de lutter contre le calvinisme avec le soutien du pape Cl\u00e9ment VIII, malgr\u00e9 un trait\u00e9 de paix maintes fois sign\u00e9 et renouvel\u00e9.<\/p>\n<p>Peu apr\u00e8s minuit, l'arm\u00e9e savoyarde, forte de plus de deux mille hommes bien \u00e9quip\u00e9s, \u00e9tait stationn\u00e9e \u00e0 Plainpalais. Un important groupe s'en d\u00e9tacha, parvint au pied des remparts, dressa ses \u00e9chelles et commen\u00e7a \u00e0 gravir les berges sans \u00eatre rep\u00e9r\u00e9.<\/p>\n<p>Geneva was sleeping peacefully. The invasion of the city had begun. It was abruptly interrupted by a patrol from the Mint post, which surprised the attackers. In the ensuing melee, a sentry fired his arquebus. The alarm was raised! The tocsin rang out from the cathedral, soon followed by the bells of all the city&#8217;s churches.<\/p>\n<p>R\u00e9veill\u00e9s en sursaut, les habitants s'empar\u00e8rent des armes ! Les Genevois organis\u00e8rent aussit\u00f4t leur d\u00e9fense. Le combat fut intense, ponctu\u00e9 de nombreux actes de bravoure. Le grondement des canons for\u00e7a les Savoyards en d\u00e9route \u00e0 fuir.<br \/>\nBy morning, the Genevans had lost eighteen men. They went to the churches to thank the Lord, &#8220;<a href=\"\/fr\/cequelaino\/\">C\u00e9 qu\u2019\u00e8 lain\u00f4,<\/a>&#8221; who had saved them.<\/p>\n<p><strong>Traditions incontournables :<\/strong> Don&#8217;t miss the chance to break the famous chocolate cauldron filled with marzipan vegetables with family or friends, while reciting the ritual phrase: &#8220;Thus perished the enemies of the Republic!&#8221;<br \/>\n<img decoding=\"async\" data-src=\"https:\/\/nodengo.com\/wp-content\/uploads\/petites_marmites-300x225.jpg\" alt=\"Marmite de l&#039;Escalade\" width=\"300\" height=\"225\" class=\"alignnone size-medium wp-image-404763 lazyload\" title=\"\" data-srcset=\"https:\/\/nodengo.com\/wp-content\/uploads\/petites_marmites-300x225.jpg 300w, https:\/\/nodengo.com\/wp-content\/uploads\/petites_marmites-1024x768.jpg 1024w, https:\/\/nodengo.com\/wp-content\/uploads\/petites_marmites-150x113.jpg 150w, https:\/\/nodengo.com\/wp-content\/uploads\/petites_marmites-768x576.jpg 768w, https:\/\/nodengo.com\/wp-content\/uploads\/petites_marmites-1536x1152.jpg 1536w, https:\/\/nodengo.com\/wp-content\/uploads\/petites_marmites-2048x1536.jpg 2048w, https:\/\/nodengo.com\/wp-content\/uploads\/petites_marmites-16x12.jpg 16w, https:\/\/nodengo.com\/wp-content\/uploads\/petites_marmites-640x480.jpg 640w, https:\/\/nodengo.com\/wp-content\/uploads\/petites_marmites-900x675.jpg 900w, https:\/\/nodengo.com\/wp-content\/uploads\/petites_marmites-480x360.jpg 480w\" data-sizes=\"(max-width: 300px) 100vw, 300px\" src=\"data:image\/svg+xml;base64,PHN2ZyB3aWR0aD0iMSIgaGVpZ2h0PSIxIiB4bWxucz0iaHR0cDovL3d3dy53My5vcmcvMjAwMC9zdmciPjwvc3ZnPg==\" style=\"--smush-placeholder-width: 300px; --smush-placeholder-aspect-ratio: 300\/225;\" \/> <\/p>\n<p><small>image \u00a9 <a href=\"https:\/\/www.swisschocolates.ch\/\" target=\"_blank\" rel=\"noopener\">Arn Chocolatier<\/a> (que nous recommandons chaleureusement)<br \/>\n<\/small><\/p>\n<p><i class=\"fas fa-music\" style=\"solid\"><\/i>  <a href=\"http:\/\/#cequelaino\">Le C\u00e9 qu&#8217;\u00e8 lain\u00f4<\/a>&#8221; is the official anthem of the Republic and Canton of Geneva.<\/p>","protected":false},"excerpt":{"rendered":"<p>La f\u00eate de l&#8217;Escalade (image \u00a9 Claude-Alain Frachet) Come and discover Geneva as it was during a weekend in 1602 and you will travel back in time. On that year, [&hellip;]<\/p>\n","protected":false},"author":249,"featured_media":404756,"template":"","meta":{"_uag_custom_page_level_css":"","_tribe_events_status":"","_tribe_events_status_reason":"","_tribe_events_is_hybrid":"","_tribe_events_is_virtual":"","_tribe_events_virtual_video_source":"","_tribe_events_virtual_embed_video":"","_tribe_events_virtual_linked_button_text":"","_tribe_events_virtual_linked_button":"","_tribe_events_virtual_show_embed_at":"","_tribe_events_virtual_show_embed_to":[],"_tribe_events_virtual_show_on_event":"","_tribe_events_virtual_show_on_views":"","_tribe_events_virtual_url":"","footnotes":""},"tags":[666,668,436,667,441],"tribe_events_cat":[665],"class_list":["post-404752","tribe_events","type-tribe_events","status-publish","has-post-thumbnail","hentry","tag-escalada","tag-escalade-1602","tag-geneva","tag-historical-event","tag-switzerland","tribe_events_cat-historical","cat_historical"],"uagb_featured_image_src":{"full":["https:\/\/nodengo.com\/wp-content\/uploads\/7D3A3851_DxO-e1788354664849.jpg",300,467,false],"thumbnail":["https:\/\/nodengo.com\/wp-content\/uploads\/7D3A3851_DxO-96x150.jpg",96,150,true],"medium":["https:\/\/nodengo.com\/wp-content\/uploads\/7D3A3851_DxO-193x300.jpg",193,300,true],"medium_large":["https:\/\/nodengo.com\/wp-content\/uploads\/7D3A3851_DxO-768x1194.jpg",768,1194,true],"large":["https:\/\/nodengo.com\/wp-content\/uploads\/7D3A3851_DxO-659x1024.jpg",659,1024,true],"1536x1536":["https:\/\/nodengo.com\/wp-content\/uploads\/7D3A3851_DxO-988x1536.jpg",988,1536,true],"2048x2048":["https:\/\/nodengo.com\/wp-content\/uploads\/7D3A3851_DxO-e1788354664849.jpg",300,467,false],"trp-custom-language-flag":["https:\/\/nodengo.com\/wp-content\/uploads\/7D3A3851_DxO-8x12.jpg",8,12,true],"citadela_item_thumbnail":["https:\/\/nodengo.com\/wp-content\/uploads\/7D3A3851_DxO-640x480.jpg",640,480,true],"woocommerce_thumbnail":["https:\/\/nodengo.com\/wp-content\/uploads\/7D3A3851_DxO-600x600.jpg",600,600,true],"woocommerce_single":["https:\/\/nodengo.com\/wp-content\/uploads\/7D3A3851_DxO-900x1400.jpg",900,1400,true],"woocommerce_gallery_thumbnail":["https:\/\/nodengo.com\/wp-content\/uploads\/7D3A3851_DxO-96x150.jpg",96,150,true],"citadela_service":["https:\/\/nodengo.com\/wp-content\/uploads\/7D3A3851_DxO-480x360.jpg",480,360,true]},"uagb_author_info":{"display_name":"Team Nodengo","author_link":"https:\/\/nodengo.com\/fr\/author\/nodengo-team\/"},"uagb_comment_info":0,"uagb_excerpt":"La f\u00eate de l&#8217;Escalade (image \u00a9 Claude-Alain Frachet) Come and discover Geneva as it was during a weekend in 1602 and you will travel back in time. On that year, [&hellip;]","_links":{"self":[{"href":"https:\/\/nodengo.com\/fr\/wp-json\/wp\/v2\/tribe_events\/404752","targetHints":{"allow":["GET"]}}],"collection":[{"href":"https:\/\/nodengo.com\/fr\/wp-json\/wp\/v2\/tribe_events"}],"about":[{"href":"https:\/\/nodengo.com\/fr\/wp-json\/wp\/v2\/types\/tribe_events"}],"author":[{"embeddable":true,"href":"https:\/\/nodengo.com\/fr\/wp-json\/wp\/v2\/users\/249"}],"version-history":[{"count":14,"href":"https:\/\/nodengo.com\/fr\/wp-json\/wp\/v2\/tribe_events\/404752\/revisions"}],"predecessor-version":[{"id":404772,"href":"https:\/\/nodengo.com\/fr\/wp-json\/wp\/v2\/tribe_events\/404752\/revisions\/404772"}],"wp:featuredmedia":[{"embeddable":true,"href":"https:\/\/nodengo.com\/fr\/wp-json\/wp\/v2\/media\/404756"}],"wp:attachment":[{"href":"https:\/\/nodengo.com\/fr\/wp-json\/wp\/v2\/media?parent=404752"}],"wp:term":[{"taxonomy":"post_tag","embeddable":true,"href":"https:\/\/nodengo.com\/fr\/wp-json\/wp\/v2\/tags?post=404752"},{"taxonomy":"tribe_events_cat","embeddable":true,"href":"https:\/\/nodengo.com\/fr\/wp-json\/wp\/v2\/tribe_events_cat?post=404752"}],"curies":[{"name":"wp","href":"https:\/\/api.w.org\/{rel}","templated":true}]}}

La fête de l&#8217;Escalade

<h2>La fête de l&#8217;Escalade</h2>
<p> (image © Claude-Alain Frachet) </p>
<h4>Venez découvrir Genève telle qu'elle était lors d'un week-end <strong>en 1602</strong> et vous voyagerez dans le temps.</h4>
<p>Cette année-là, dans la nuit du 11 au 12 décembre, Charles Emmanuel Ier, duc de Savoie, tenta de s'emparer de Genève, convertie au calvinisme depuis 1536. Il fit marcher son armée à la faveur de la nuit pour prendre la ville par surprise. Il projetait de faire de Genève la capitale de ses territoires au nord des Alpes et de lutter contre le calvinisme avec le soutien du pape Clément VIII, malgré un traité de paix maintes fois signé et renouvelé.</p>
<p>Peu après minuit, l'armée savoyarde, forte de plus de deux mille hommes bien équipés, était stationnée à Plainpalais. Un important groupe s'en détacha, parvint au pied des remparts, dressa ses échelles et commença à gravir les berges sans être repéré.</p>
<p>Geneva was sleeping peacefully. The invasion of the city had begun. It was abruptly interrupted by a patrol from the Mint post, which surprised the attackers. In the ensuing melee, a sentry fired his arquebus. The alarm was raised! The tocsin rang out from the cathedral, soon followed by the bells of all the city&#8217;s churches.</p>
<p>Réveillés en sursaut, les habitants s'emparèrent des armes ! Les Genevois organisèrent aussitôt leur défense. Le combat fut intense, ponctué de nombreux actes de bravoure. Le grondement des canons força les Savoyards en déroute à fuir.<br />
By morning, the Genevans had lost eighteen men. They went to the churches to thank the Lord, &#8220;<a href="/fr/cequelaino/">Cé qu’è lainô,</a>&#8221; who had saved them.</p>
<p><strong>Traditions incontournables :</strong> Don&#8217;t miss the chance to break the famous chocolate cauldron filled with marzipan vegetables with family or friends, while reciting the ritual phrase: &#8220;Thus perished the enemies of the Republic!&#8221;<br />
<img decoding="async" data-src="https://nodengo.com/wp-content/uploads/petites_marmites-300x225.jpg" alt="Marmite de l&#039;Escalade" width="300" height="225" class="alignnone size-medium wp-image-404763 lazyload" title="" data-srcset="https://nodengo.com/wp-content/uploads/petites_marmites-300x225.jpg 300w, https://nodengo.com/wp-content/uploads/petites_marmites-1024x768.jpg 1024w, https://nodengo.com/wp-content/uploads/petites_marmites-150x113.jpg 150w, https://nodengo.com/wp-content/uploads/petites_marmites-768x576.jpg 768w, https://nodengo.com/wp-content/uploads/petites_marmites-1536x1152.jpg 1536w, https://nodengo.com/wp-content/uploads/petites_marmites-2048x1536.jpg 2048w, https://nodengo.com/wp-content/uploads/petites_marmites-16x12.jpg 16w, https://nodengo.com/wp-content/uploads/petites_marmites-640x480.jpg 640w, https://nodengo.com/wp-content/uploads/petites_marmites-900x675.jpg 900w, https://nodengo.com/wp-content/uploads/petites_marmites-480x360.jpg 480w" data-sizes="(max-width: 300px) 100vw, 300px" src="data:image/svg+xml;base64,PHN2ZyB3aWR0aD0iMSIgaGVpZ2h0PSIxIiB4bWxucz0iaHR0cDovL3d3dy53My5vcmcvMjAwMC9zdmciPjwvc3ZnPg==" style="--smush-placeholder-width: 300px; --smush-placeholder-aspect-ratio: 300/225;" /> </p>
<p><small>image © <a href="https://www.swisschocolates.ch/" target="_blank" rel="noopener">Arn Chocolatier</a> (que nous recommandons chaleureusement)<br />
</small></p>
<p><i class="fas fa-music" style="solid"></i>  <a href="http://#cequelaino">Le Cé qu&#8217;è lainô</a>&#8221; is the official anthem of the Republic and Canton of Geneva.</p>

<p>La fête de l&#8217;Escalade (image © Claude-Alain Frachet) Come and discover Geneva as it was during a weekend in 1602 and you will travel back in time. On that year, [&hellip;]</p>

La fête de l&#8217;Escalade (image © Claude-Alain Frachet) Come and discover Geneva as it was during a weekend in 1602 and you will travel back in time. On that year, [&hellip;]
